y 39?
37
Let v = 26 + -24. Suppose -2*o + 38 = 4*u, o + 0 - 3 = 0. What is the remainder when 121/8 - v/16 is divided by u?
7
Let a(x) = 3*x**3 - 3*x**2 + 2*x. Let c(i) = 6*i**3 - 7*i**2 + 4*i + 1. Let f(v) = 5*a(v) - 2*c(v). What is the remainder when 7 is divided by f(1)?
1
Let x = -11 + 10. Let n(h) = -7*h**3 + h + 1. Let i be n(x). Suppose -i*m + 115 = -2*m. Calculate the remainder when 90 is divided by m.
21
Let r = -30 + 29. Let p(d) = -43*d + 3. Calculate the remainder when p(r) is divided by 10.
6
Let x(t) = t**2 + 5*t + 6. Let p be x(-5). Let n = 7 + p. Suppose -10 = -a + 4*w - 2*w, 0 = a - w - n. Calculate the remainder when 61 is divided by a.
13
Suppose 0 = v + 2*p - 133 - 42, -2*v + 2*p = -380. What is the remainder when v is divided by 70?
45
Suppose 3*b + 51 = s, 0 = -5*b + 3*s + 23 - 108. Let k = 41 - b. Calculate the remainder when k is divided by 30.
28
Suppose 0*v + 16 = 2*v. Suppose z - 10 = 3. Calculate the remainder when z is divided by v.
5
Let n = -7 + 22. What is the remainder when (-1)/(-4) - 18445/(-140) is divided by n?
12
Suppose 4*b + 3*r = -28, 2*b + 2*r = -9 - 7. What is the remainder when 85 is divided by 20/(-75)*-55*(-6)/b?
19
Suppose 2*l = -2*s - 3*l + 33, 4*l + 6 = 2*s. Suppose v = w, -v + 9 = -0*v + 2*w. Calculate the remainder when s is divided by v.
0
Suppose r + 20 = 2*r. Let k(o) = o**3 - 24*o**2 + 2*o - 42. Calculate the remainder when r is divided by k(24).
2
Let a(p) = 27*p**3 + p**2. Let c = 11 - 9. Suppose 0 = -i + c*m, i + i = -5*m + 45. What is the remainder when a(1) is divided by i?
8
Let n(y) = -y**2 - 5*y + 7. Let r be n(-6). What is the remainder when (9/6)/3*38*r is divided by 12?
7
Suppose 656 - 156 = 20*c. Suppose 4*z + 5*d - 217 = 0, 5*d = -2*z + 3*d + 106. Calculate the remainder when z is divided by c.
23
Let r(c) = -12*c**2 - 4*c. Let i(l) = 11*l**2 + 3*l. Let t(w) = 5*i(w) + 4*r(w). Suppose -k + 7 = 8. Calculate the remainder when 22 is divided by t(k).
6
Suppose 0 = 51*j - 556 - 872. Calculate the remainder when 138 is divided by j.
26
Suppose 12*x = 8*x - 16. Calculate the remainder when ((3 - (1 - -1)) + x)*-30 is divided by 23.
21
Suppose 4*i - 5*q - 160 = 0, -53 = 3*i + q - 154. What is the remainder when 114 is divided by i?
9
Suppose 0 = 4*j - 147 - 137. Calculate the remainder when 422 is divided by j.
67
Let q(l) = l**2 + 3*l - 2. Let r = -461 - -474. What is the remainder when q(5) is divided by r?
12
Suppose -2*j - 25 + 75 = -2*b, -4*b = 3*j - 103. What is the remainder when j is divided by 16?
13
Let c = 91 - 51. What is the remainder when c is divided by 22?
18
Let u(f) = f**3 + 21*f**2 + 2*f**2 + 5*f - 5 + 12*f. Calculate the remainder when u(-22) is divided by 18.
15
Suppose 3*b = 2*w + 71, 2*b - 2*w - 2*w - 34 = 0. Let f(g) = 22*g**2 + 6*g + 2. Suppose 4*d + 18 = -5*d. What is the remainder when f(d) is divided by b?
24
Suppose -28*s - 6*s = -544. Calculate the remainder when 38 is divided by s.
6
Suppose 9*r - 6*r = 24. Suppose 4*t = -4*z - 48, z = 5*t + r + 4. Let f = 19 - z. Calculate the remainder when 106 is divided by f.
25
Let i = -689 - -693. What is the remainder when -13*1*-1*1 is divided by i?
1
Let p(t) = 65*t**2 + t. Let r be (-25)/((-2)/6 + 0). Suppose 0 = -3*f + r - 6. Calculate the remainder when p(1) is divided by f.
20
Let s = -3 + -8. Let p = s + 1. Calculate the remainder when 36 is divided by 0 - (0 + (p - 3)).
10
Suppose -3*h = h. Let d be 1*(-3 + h) + 5. Suppose 128 = -d*c + 6*c. What is the remainder when c is divided by 11?
10
Let c be ((-178)/(-8))/(4/80). Suppose 0 = -0*r - 3*r + 27. Suppose -r*l - c = -14*l. Calculate the remainder when l is divided by 30.
29
Let l(b) = -b**2 + 17*b - 27. Let t(y) = y**3 - 7*y**2 + 5. Calculate the remainder when t(7) is divided by l(2).
2
Let k(v) = v**2 + 11*v - 22. Calculate the remainder when 44 is divided by k(-14).
4
Let i = 865 + -853. What is the remainder when 622 is divided by i?
10
Let x be 0 + (-24)/(-15) + 2/5. Suppose -2*s - j + 16 + 29 = 0, -s + x*j = -35. Calculate the remainder when 99 is divided by s.
24
Suppose -j = -m - 5, 3 = j + 5*m + 10. Suppose 3*q = -q - 5*p + 67, j*q + 2*p - 45 = 0. What is the remainder when 260/q*24/10 is divided by 10?
8
Let m(w) = 9*w - 1. Let o be m(2). Let v(k) = -k + 3. Let a be v(9). Let b = o + a. Calculate the remainder when 30 is divided by b.
8
Let v = -16 + 7. What is the remainder when 8 is divided by (18/(-24))/(v/24)?
0
Suppose 4*h - 1292 = -4*n, -h + 2*n = 5*n - 315. What is the remainder when h is divided by 5?
2
Suppose p + 5*c - 410 = 0, -1640 = -5*p + p - 2*c. Suppose 6*g - g = p. Calculate the remainder when g is divided by 21.
19
Suppose -3*s = -4*s - 13. Let a(w) = 10*w**2 - 3*w - 12. Let d be a(-2). Let m = s + d. Calculate the remainder when m is divided by 6.
3
Let z = -2 - -15. Let j = 14 - z. Let n(l) = 14*l**3 - l**2 + l - 1. Calculate the remainder when n(j) is divided by 8.
5
Suppose c = 6*c + 4*b - 9, 5*c - b = 4. Suppose 32 = 2*u + 3*u - p, 4*u - 14 = -5*p. What is the remainder when 9 is divided by (u/(-2))/(c + -2)?
0
Suppose 3*c - 2*x - 8 = 0, c - 11 = -2*x + 5. Let g(i) = i**3 - 5*i**2 - 4*i + 5. Suppose 0 = 5*t - 30. Calculate the remainder when g(t) is divided by c.
5
Let g = 57 + -37. Suppose 0*y + 5*y = 15. Suppose y*u - 6 = 0, -3*u - 239 = -3*r - 4*u. Calculate the remainder when r is divided by g.
19
Let y = 1703 - 1561. What is the remainder when 273 is divided by y?
131
Let h(v) = 1 - 1 + 11*v. Suppose -2*d + 30 = -4*u - 22, -4*u + 88 = 5*d. What is the remainder when d is divided by h(1)?
9
Let g = -29 - -58. Let y = g - -21. Calculate the remainder when y is divided by (0 + 76/(-8))*-2 + -1.
14
Let b = 625 - 597. What is the remainder when 238/3 - (-4)/6 is divided by b?
24
Let n(i) = i**3 + 16*i**2 + 48*i + 74. Calculate the remainder when n(-12) is divided by 38.
36
Let r(i) = i**3 + 6*i**2 + 2*i - 6. What is the remainder when (-3)/(0 + -1 + 0) - -20 is divided by r(-5)?
5
Suppose 206 = 24*d - 202. What is the remainder when 388 is divided by d?
14
Let a = -24 + 27. Suppose 5*s = v + 27, -5*v + 15 + 18 = a*s. What is the remainder when (-10 + 0)*(2 + -3) is divided by s?
4
Suppose -4*v - c = -27, -25 = -5*v - 6*c + 3*c. Calculate the remainder when v is divided by 4.
0
Suppose 11*l = -64 + 20. Calculate the remainder when 0 - (3 + -77 - l) is divided by 12.
10
Suppose 8*i - 3 = 21. What is the remainder when i/(-3) - 24/(-3) is divided by 3?
1
Let g(v) = 4*v**2 + 21*v + 5. Let w be g(-5). Suppose -j - 4 = p - 16, w = 5*j - 10. Let u(c) = -15*c + 1. What is the remainder when u(-1) is divided by p?
6
Suppose 2*z = 150 - 20. What is the remainder when 194 is divided by z?
64
Calculate the remainder when (9 + 3 + -7)*(-64)/(-2) is divided by 49.
13
Suppose 17 - 38 = -3*t - 3*r, 0 = -2*t - 5*r + 11. Suppose -134 - 234 = -t*s. What is the remainder when s is divided by 12?
10
Let s(m) = -m**2 - 5*m + 11. Let q be s(-9). What is the remainder when 30 is divided by 30/q*(-20)/3?
6
Suppose 0*b + 4*w = 2*b - 34, -2*b - 2*w + 4 = 0. Suppose 222 = 4*l + 34. Suppose 103 + l = 6*c. What is the remainder when c is divided by b?
4
Let h(m) = -m**2 + 11*m + 9. Let k be h(12). Let q be (4/k)/((-1)/3). Let x = 24 - q. Calculate the remainder when 77 is divided by x.
17
Suppose -2*q = 3*k - 5*k + 1188, 4*q + k = -2366. Let b be (-3)/(-3) - 41*1. What is the remainder when q/b - (-1)/5 is divided by 6?
3
Let o = 38 - 25. Suppose -o*g = -8*g. Suppose g*v = -2*s + 5*v + 34, -s = 5*v - 47. Calculate the remainder when 80 is divided by s.
26
Calculate the remainder when -4*(-52)/16*(-2)/(-1) is divided by 4.
2
Let d(m) = -8*m - 4*m + 17*m - 26 + m**2 - 11*m. Let k(h) = -h**3 - 4*h**2 - 3*h. What is the remainder when d(-6) is divided by k(-4)?
10
Let j = 21 - 26. Let c(t) = t**2 + t + 7. What is the remainder when c(j) is divided by 7?
6
Suppose o - 3*j - 76 = 0, -12*o + 16*o - 4*j = 312. What is the remainder when o is divided by 16?
15
Let m(o) = o**2 + o + 1. Let b = 404 + -353. What is the remainder when b is divided by m(-4)?
12
Let d = 1047 - 849. Calculate the remainder when d is divided by 56.
30
Suppose 0 = 12*b - 66 - 222. What is the remainder when 61 is divided by b?
13
Let t(z) = 3*z**2 + 6*z + 5. Let f(i) = -i + 10. Ca